3?
21333200112
In base 2, what is 1001001101010 + 1011111001?
1010101100011
In base 4, what is 1221210103 + 13011?
1221223120
In base 14, what is a - 31db904?
-31db8d8
In base 10, what is 1719 - -14333?
16052
In base 13, what is b + 5bc6819?
5bc6827
In base 4, what is -13212 + 23130101?
23110223
In base 7, what is 525 + 5050251?
5051106
In base 12, what is 2 + 126658b?
1266591
In base 13, what is -4 + -71308a?
-713091
In base 8, what is -4 + -63643565?
-63643571
In base 13, what is -134a40 - 71?
-134ab1
In base 13, what is -351 - 12c?
-480
In base 6, what is 13311252514 + -1?
13311252513
In base 13, what is 6c54125 - 5?
6c54120
In base 2, what is -1000111011011101100 - -10000011?
-1000111011001101001
In base 4, what is -10 + -201203312312?
-201203312322
In base 5, what is 31132 + -300214?
-214032
In base 8, what is 1402 + -12240471?
-12237067
In base 6, what is 4224341232 - 4?
4224341224
In base 7, what is 14 + -413546135?
-413546121
In base 12, what is -1321 + -441a?
-573b
In base 2, what is 101 - -11000000110011110111100?
11000000110011111000001
In base 14, what is -2982 + 162c3?
13741
In base 11, what is -1138 - -514a6?
50369
In base 15, what is -4 + 37b6784?
37b6780
In base 3, what is 1002110222112100 + -10?
1002110222112020
In base 4, what is 3103232112 + 10121?
3103302233
In base 9, what is -32 + 2044041?
2044008
In base 10, what is -2 - 17647323?
-17647325
In base 15, what is 40304 - -70?
40374
In base 4, what is 113201111211 + 231?
113201112102
In base 13, what is -78ac501 - 1?
-78ac502
In base 7, what is -5 - -33625444?
33625436
In base 10, what is 3 + -8771161?
-8771158
In base 11, what is 30421227 + -7?
30421220
In base 11, what is -2 - -219a8442?
219a8440
In base 16, what is 5930a + -4?
59306
In base 3, what is 1010001001 + -111011?
1002112220
In base 10, what is -34 - -94017?
93983
In base 13, what is 153b2 - 1303?
140ac
In base 9, what is -25635036 - -46?
-25634880
In base 14, what is -aa - 10826?
-108d2
In base 11, what is -3 - 14328785?
-14328788
In base 5, what is 0 - -220021312?
220021312
In base 2, what is 100110111111010011110 - 100001010?
100110111110110010100
In base 3, what is -200110201221 - 2?
-200110202000
In base 2, what is 10000100010010010 - 1100100111111?
1110111101010011
In base 16, what is -a392ac - -2?
-a392aa
In base 15, what is -c - 279c7d?
-279c8a
In base 12, what is -5 + -25729a96?
-25729a9b
In base 15, what is 5 + 2ebba2?
2ebba7
In base 12, what is -106248 - -42?
-106206
In base 9, what is 8647785 + 12?
8647807
In base 9, what is 2112 + 122427?
124540
In base 5, what is -10222 - -4044231?
4034004
In base 6, what is 135423 - 1552?
133431
In base 5, what is -111231223 + -212?
-111231440
In base 7, what is -13542 + 1150145?
1133303
In base 6, what is 4 + -34045351?
-34045343
In base 9, what is -7070372 - -4?
-7070367
In base 11, what is 2a7a0 - 1285?
29516
In base 14, what is -6 - -b71387?
b71381
In base 15, what is a33 - -121b?
1c4e
In base 3, what is 10220222021102 + 220?
10220222022022
In base 16, what is a8 + 3432fd?
3433a5
In base 15, what is -3 + bb0a20?
bb0a1c
In base 16, what is -145a + -604?
-1a5e
In base 16, what is -4541 - 48e?
-49cf
In base 15, what is -d724a1 - 33?
-d724d4
In base 14, what is 904b23 + -5?
904b1c
In base 16, what is -44ba06 - 7?
-44ba0d
In base 13, what is 25b54 + 401?
26255
In base 13, what is -1 - -2040a598?
2040a597
In base 7, what is 146 + 3446432?
3446611
In base 14, what is c - -199825?
199833
In base 9, what is 112 + -281564?
-281452
In base 6, what is 14213142004 + 5?
14213142013
In base 15, what is 5 + 476cad?
476cb3
In base 13, what is -5 - 59cac94?
-59cac99
In base 3, what is -102020012 - -11200?
-102001112
In base 5, what is 0 - -314140130?
314140130
In base 16, what is -114d81 - 20?
-114da1
In base 14, what is d - 28086?
-28077
In base 13, what is cb7190 + 13?
cb71a3
In base 15, what is -e90 + -8c6a?
-9c0a
In base 6, what is -3354 + -11053342?
-11101140
In base 8, what is -104743 - -13314?
-71427
In base 12, what is 524932b - 5?
5249326
In base 4, what is 301013130 - -31330?
301111120
In base 2, what is -100110110011 + -10000001110100000100?
-10000010011010110111
In base 14, what is -3c + 1342?
1304
In base 7, what is -11322 - -231366?
220044
In base 2, what is 101101110101001001111 - -10110010000?
101101110111111011111
In base 15, what is 2 + -825809?
-825807
In base 12, what is -8 - -28389b5?
28389a9
In base 10, what is -16 - -28896?
28880
In base 13, what is 9 + 660c8a2?
660c8ab
In base 2, what is 100100101111100001100 + -100?
100100101111100001000
In base 15, what is 21 - -5995c?
5997d
In base 14, what is -2390 - -dba?
-13b4
In base 9, what is 236624 + 853?
237577
In base 3, what is 11000200 - -20111222?
101112122
In base 8, what is 2 + 564635036?
564635040
In base 3, what is 1101111001020002210 + 11?
1101111001020002221
In base 12, what is 20493 + -306?
20189
In base 9, what is 63807 + 252?
64160
In base 13, what is 1937995 - -c?
19379a4
In base 8, what is -221663 - -205?
-221456
In base 6, what is 0 + -5025152032?
-5025152032
In base 5, what is -31034 + -4201?
-40240
In base 10, what is -472911 - -226?
-472685
In base 14, what is -4 + -2238440?
-2238444
In base 9, what is -6256007 + -2?
-6256010
In base 9, what is 42 + -2713766?
-2713724
In base 5, what is -30122 - 23433?
-104110
In base 13, what is 8a4c5 - 3a0?
8a125
In base 9, what is -488440 + 30?
-488410
In base 5, what is 24 + -242134?
-242110
In base 16, what is 0 + 77fa68?
77fa68
In base 12, what is 11145b + -21a?
111241
In base 5, what is -314001232 + -1131?
-314002413
In base 7, what is -543131031 - -11?
-543131020
In base 6, what is -133 + -542552?
-543125
In base 16, what is -4 + -108565?
-108569
In base 5, what is -4040 - 34123144?
-34132234
In base 7, what is -25555533 + 33?
-25555500
In base 6, what is -4024 - -241244?
233220
In base 13, what is 120 + -2328?
-2208
In base 12, what is -13 - -a34588?
a34575
In base 9, what is -3658073 - -1?
-3658072
In base 14, what is -83 + 14?
-6d
In base 3, what is -2010210220211 + 200020?
-2010210020121
In base 13, what is 4 + -19370?
-19369
In base 13, what is -56ab8c72 + 5?
-56ab8c6a
In base 8, what is 27341542 - 10?
27341532
In base 4, what is -13301 + 212222310?
212203003
In base 6, what is -12111 + -12004503?
-12021014
In base 10, what is -1233 + 30879?
29646
In base 3, what is 1211201 + 1000011?
2211212
In base 7, what is -362012320 - 13?
-362012333
In base 7, what is 113212302 - -4?
113212306
In base 10, what is -15990 - 1692?
-17682
In base 3, what is 112222 + -101002201101?
-101002011102
In base 4, what is 122212 - 222201001?
-222012123
In base 15, what is a9 - -11655?
1170e
In base 10, what is 2529250148 + -2?
2529250146
In base 5, what is 1242031440441 - -4?
1242031441000
In base 14, what is -1db10 + -68?
-1db78
In base 12, what is 20309008b + -1?
20309008a
In base 10, what is 28247 + -154?
28093
In base 16, what is -1605e38 - 6?
-1605e3e
In base 6, what is 2310221 - -15?
2310240
In base 12, what is 34b0638 - 3?
34b0635
In base 6, what is 55544105 - -23?
55544132
In base 13, what is -3748 - 54?
-379c
In base 2, what is 1110011101000111000001011 + 101?
1110011101000111000010000
In base 4, what is 33033032 - 2231?
33030201
In base 10, what is 371 - -16125?
16496
In base 9, what is 1 + 47476273?
47476274
In base 6, what is 33 + 102421112?
102421145
In base 11, what is 1 - 453a522a?
-453a5229
In base 4, what is 13 - -11220300331?
11220301010
In base 2, what is -101 + 1101110000000011?
1101101111111110
In base 9, what is 5 - 461650028?
-461650023
In base 6, what is 300454503 + 2?
300454505
In base 8, what is -412155 - 1176?
-413353
In base 9, what is 210866 + -18?
210847
In base 12, what is -1999749 + 1a?
-199972b
In base 8, what is -211 - -266113?
265702
In base 8, what is 3 + -44233517?
-44233514
In base 16, what is -1739 + -947?
-2080
In base 10, what is 90769 + 802?
91571
In base 14, what is -c8d6 - 1ba?
-cab2
In base 10, what is -6 + -18659079?
-18659085
In base 14, what is 0 - -3092c7?
3092c7
In base 9, what is -375 - -336545?
336160
In base 5, what is -1144 - -1231220?
1230021
In base 14, what is -15316 + 56?
-152a0
In base 6, what is -1210 - 2015455?
-2021105
In base 2, what is 100100001100111100110 + -11101001?
100100001100011111101
In base 2,